{"id":19298,"date":"2022-09-29T10:17:40","date_gmt":"2022-09-29T10:17:40","guid":{"rendered":"https:\/\/hamzafansa.com\/fansa\/?page_id=19298"},"modified":"2022-11-02T08:19:37","modified_gmt":"2022-11-02T08:19:37","slug":"surdurulebilirlik-yaklasimimiz","status":"publish","type":"page","link":"https:\/\/fansagroup.com.tr\/?page_id=19298","title":{"rendered":"S\u00fcrd\u00fcr\u00fclebilirlik Yakla\u015f\u0131m\u0131m\u0131z"},"content":{"rendered":"\t\t<div data-elementor-type=\"wp-page\" data-elementor-id=\"19298\" class=\"elementor elementor-19298\">\n\t\t\t\t\t\t<div class=\"elementor-inner\">\n\t\t\t\t<div class=\"elementor-section-wrap\">\n\t\t\t\t\t\t\t\t\t<section class=\"elementor-section elementor-top-section elementor-element elementor-element-6482c288 elementor-section-boxed elementor-section-height-default elementor-section-height-default sc_fly_static\" data-id=\"6482c288\" data-element_type=\"section\">\n\t\t\t\t\t\t<div class=\"elementor-container elementor-column-gap-extended\">\n\t\t\t\t\t\t\t<div class=\"elementor-row\">\n\t\t\t\t\t<div class=\"elementor-column elementor-col-100 elementor-top-column elementor-element elementor-element-7d1a0c13 sc_inner_width_none sc_content_align_inherit sc_layouts_column_icons_position_left sc_fly_static\" data-id=\"7d1a0c13\" data-element_type=\"column\">\n\t\t\t<div class=\"elementor-column-wrap elementor-element-populated\">\n\t\t\t\t\t\t\t<div class=\"elementor-widget-wrap\">\n\t\t\t\t\t\t<section class=\"elementor-section elementor-inner-section elementor-element elementor-element-d34a5c8 elementor-section-boxed elementor-section-height-default elementor-section-height-default sc_fly_static\" data-id=\"d34a5c8\" data-element_type=\"section\">\n\t\t\t\t\t\t<div class=\"elementor-container elementor-column-gap-extended\">\n\t\t\t\t\t\t\t<div class=\"elementor-row\">\n\t\t\t\t\t<div class=\"elementor-column elementor-col-50 elementor-inner-column elementor-element elementor-element-a1e1169 sc_inner_width_none sc_content_align_inherit sc_layouts_column_icons_position_left sc_fly_static\" data-id=\"a1e1169\" data-element_type=\"column\">\n\t\t\t<div class=\"elementor-column-wrap elementor-element-populated\">\n\t\t\t\t\t\t\t<div class=\"elementor-widget-wrap\">\n\t\t\t\t\t\t<div class=\"elementor-element elementor-element-53292532 sc_fly_static elementor-widget elementor-widget-text-editor\" data-id=\"53292532\" data-element_type=\"widget\" data-widget_type=\"text-editor.default\">\n\t\t\t\t<div class=\"elementor-widget-container\">\n\t\t\t\t\t\t\t\t<div class=\"elementor-text-editor elementor-clearfix\">\n\t\t\t\t<!-- wp:paragraph {\"textColor\":\"text_link\"} -->\n<p class=\"has-text-link-color has-text-color\">Fansa Group olarak faaliyet g\u00f6sterdi\u011fimiz sekt\u00f6rlerde s\u00fcrd\u00fcr\u00fclebilirlik yakla\u015f\u0131m\u0131m\u0131zla hareket ediyor, t\u00fcm i\u015f s\u00fcre\u00e7lerimizin topluma, do\u011faya ve \u00e7evreye yararl\u0131 olmas\u0131 ve de\u011fer katmas\u0131 i\u00e7in \u00e7aba g\u00f6steriyoruz. Faaliyetlerimizin sadece ekonomik de\u011fil, \u00e7evresel ve sosyal etkilerini de dikkate alarak y\u00f6netiyor, d\u00fcnyam\u0131z i\u00e7in daha g\u00fczel bir gelecek hayali ta\u015f\u0131yoruz.<\/p>\n<p class=\"has-text-link-color has-text-color\">Grubumuz b\u00fcnyesinde yer alan Fansa Ka\u011f\u0131t, geri d\u00f6n\u00fc\u015f\u00fcml\u00fc ka\u011f\u0131t \u00fcretimi ile s\u00fcrd\u00fcr\u00fclebilirlik \u00e7al\u0131\u015fmalar\u0131m\u0131za en belirgin katk\u0131s\u0131n\u0131 sa\u011flamaktad\u0131r. Sosyal sorumluluk bilincimiz, \u00e7evre ve insana duyarl\u0131l\u0131\u011f\u0131m\u0131z do\u011frultusunda \u00fcretimimizde a\u011f\u0131rl\u0131kl\u0131 olarak geri d\u00f6n\u00fc\u015ft\u00fcr\u00fclm\u00fc\u015f ka\u011f\u0131t kullanmay\u0131 tercih ediyor ve m\u00fc\u015fterilerimizde de bu bilincin olu\u015fmas\u0131 i\u00e7in \u00e7al\u0131\u015f\u0131yoruz. Ayr\u0131ca t\u00fcm operasyonlar\u0131m\u0131zda, gerek hammadde ve ambalaj se\u00e7imi gerekse de \u00fcretim teknolojileri konular\u0131nda verimlili\u011fi esas al\u0131yor, karbon ayak izimizi her ge\u00e7en sene azaltmay\u0131 hedefliyoruz.<\/p>\n<!-- \/wp:paragraph --><!-- wp:image {\"id\":19127,\"width\":512,\"height\":342,\"sizeSlug\":\"large\",\"linkDestination\":\"none\"} --><!-- \/wp:image --><!-- wp:paragraph {\"textColor\":\"text_link\"} --><!-- \/wp:paragraph -->\t\t\t\t\t<\/div>\n\t\t\t\t\t\t<\/div>\n\t\t\t\t<\/div>\n\t\t\t\t\t\t<\/div>\n\t\t\t\t\t<\/div>\n\t\t<\/div>\n\t\t\t\t<div class=\"elementor-column elementor-col-50 elementor-inner-column elementor-element elementor-element-1eaa44c sc_inner_width_none sc_content_align_inherit sc_layouts_column_icons_position_left sc_fly_static\" data-id=\"1eaa44c\" data-element_type=\"column\">\n\t\t\t<div class=\"elementor-column-wrap elementor-element-populated\">\n\t\t\t\t\t\t\t<div class=\"elementor-widget-wrap\">\n\t\t\t\t\t\t<div class=\"elementor-element elementor-element-215fffc sc_fly_static elementor-widget elementor-widget-image\" data-id=\"215fffc\" data-element_type=\"widget\" data-widget_type=\"image.default\">\n\t\t\t\t<div class=\"elementor-widget-container\">\n\t\t\t\t\t\t\t\t<div class=\"elementor-image\">\n\t\t\t\t\t\t\t\t\t\t\t\t<img loading=\"lazy\" decoding=\"async\" width=\"890\" height=\"664\" src=\"https:\/\/fansagroup.com.tr\/wp-content\/uploads\/2022\/09\/saveearth-890x664.jpg\" class=\"attachment-geya-thumb-square size-geya-thumb-square wp-image-19127\" alt=\"\" \/>\t\t\t\t\t\t\t\t\t\t\t\t\t\t<\/div>\n\t\t\t\t\t\t<\/div>\n\t\t\t\t<\/div>\n\t\t\t\t\t\t<\/div>\n\t\t\t\t\t<\/div>\n\t\t<\/div>\n\t\t\t\t\t\t\t\t<\/div>\n\t\t\t\t\t<\/div>\n\t\t<\/section>\n\t\t\t\t\t\t<\/div>\n\t\t\t\t\t<\/div>\n\t\t<\/div>\n\t\t\t\t\t\t\t\t<\/div>\n\t\t\t\t\t<\/div>\n\t\t<\/section>\n\t\t\t\t\t\t\t\t\t<\/div>\n\t\t\t<\/div>\n\t\t\t\t\t<\/div>\n\t\t","protected":false},"excerpt":{"rendered":"<p>Fansa Group olarak faaliyet g\u00f6sterdi\u011fimiz sekt\u00f6rlerde s\u00fcrd\u00fcr\u00fclebilirlik yakla\u015f\u0131m\u0131m\u0131zla hareket ediyor, t\u00fcm i\u015f s\u00fcre\u00e7lerimizin topluma, do\u011faya ve \u00e7evreye yararl\u0131 olmas\u0131 ve de\u011fer katmas\u0131 i\u00e7in \u00e7aba g\u00f6steriyoruz. Faaliyetlerimizin sadece ekonomik de\u011fil, \u00e7evresel&hellip;<\/p>\n","protected":false},"author":3,"featured_media":0,"parent":0,"menu_order":0,"comment_status":"closed","ping_status":"closed","template":"","meta":{"footnotes":""},"class_list":["post-19298","page","type-page","status-publish","hentry"],"_links":{"self":[{"href":"https:\/\/fansagroup.com.tr\/index.php?rest_route=\/wp\/v2\/pages\/19298","targetHints":{"allow":["GET"]}}],"collection":[{"href":"https:\/\/fansagroup.com.tr\/index.php?rest_route=\/wp\/v2\/pages"}],"about":[{"href":"https:\/\/fansagroup.com.tr\/index.php?rest_route=\/wp\/v2\/types\/page"}],"author":[{"embeddable":true,"href":"https:\/\/fansagroup.com.tr\/index.php?rest_route=\/wp\/v2\/users\/3"}],"replies":[{"embeddable":true,"href":"https:\/\/fansagroup.com.tr\/index.php?rest_route=%2Fwp%2Fv2%2Fcomments&post=19298"}],"version-history":[{"count":0,"href":"https:\/\/fansagroup.com.tr\/index.php?rest_route=\/wp\/v2\/pages\/19298\/revisions"}],"wp:attachment":[{"href":"https:\/\/fansagroup.com.tr\/index.php?rest_route=%2Fwp%2Fv2%2Fmedia&parent=19298"}],"curies":[{"name":"wp","href":"https:\/\/api.w.org\/{rel}","templated":true}]}}